{"id":6009,"date":"2025-08-23T20:33:34","date_gmt":"2025-08-23T20:33:34","guid":{"rendered":"https:\/\/outdoortour.cl\/?post_type=product&#038;p=6009"},"modified":"2025-08-24T00:59:55","modified_gmt":"2025-08-24T00:59:55","slug":"taller-pedagogico-aasdcademia-de-nudos-huellas-y-naturaleza","status":"publish","type":"product","link":"https:\/\/outdoortour.cl\/index.php\/producto\/taller-pedagogico-aasdcademia-de-nudos-huellas-y-naturaleza\/","title":{"rendered":"EXPERIENCIA EDUCATIVA &#8211; Habilidades para la Vida y Cuidado de la Naturaleza"},"content":{"rendered":"<h1><span style=\"color: #000000;\"><strong>DESCRIPCION DEL PRODUCTO:<\/strong><\/span><\/h1>\n<p><span style=\"color: #000000;\"><strong>P\u00fablico objetivo:<\/strong> Instituciones educativas, con j\u00f3venes desde los 16 a\u00f1os, siendo adaptable para ni\u00f1os desde 13 a\u00f1os<\/span><br \/>\n<span style=\"color: #000000;\"><strong>Enfoque:<\/strong> Taller complementarios a plan de estudios.<\/span><\/p>\n<p><span style=\"color: #000000;\">\u00a0 Vive una experiencia educativa diferente, donde el aprendizaje se traslada al entorno natural. Nuestro programa funciona como un aula al aire libre, adaptable tanto para colegios como para actividades grupales en contacto con la naturaleza.<\/span><br \/>\n<span style=\"color: #000000;\">A trav\u00e9s de los talleres, los participantes podr\u00e1n: Vivir una experiencia inmersiva de realidad virtual adaptada al Buceo, conocer y practicar los principales nudos comprendiendo su utilidad en situaciones reales, descubrir especies representativas del entorno local, conocer\u00a0principios de sostenibilidad y conservaci\u00f3n, reflexionando sobre la importancia de proteger los ecosistemas y c\u00f3mo aplicar buenas pr\u00e1cticas en la vida cotidiana.<\/span><\/p>\n<p><strong><span style=\"color: #000000;\">LOS PARTICIPANTES PODRAN:<br \/>\n&#8211; <\/span><\/strong><span style=\"color: #000000;\">A<\/span><span style=\"color: #000000;\">prender principios b\u00e1sicos y nudos de supervivencia: Conocer y practicar los principales nudos comprendiendo su utilidad en situaciones reales.<br \/>\n&#8211;\u00a0<\/span><span style=\"color: #000000;\">Adaptaci\u00f3n al buceo con animaci\u00f3n de realidad virtual: Experiencia inmersiva que combina una charla introductoria sobre buceo y simulaci\u00f3n virtual para familiarizarse con t\u00e9cnicas y seguridad en actividades acu\u00e1ticas.<br \/>\n&#8211; <\/span><span style=\"color: #000000;\">Identificaci\u00f3n de flora y fauna: Reconocer especies locales y su importancia ecol\u00f3gica.<br \/>\n&#8211; <\/span><span style=\"color: #000000;\">Cuidado ambiental: Aprender pr\u00e1cticas responsables para proteger los ecosistemas.<\/span><\/p>\n<p><strong><span style=\"color: #000000;\">SERVICIOS INCLUIDOS:<br \/>\n&#8211;\u00a0 <\/span><\/strong><span style=\"color: #000000;\">T<\/span><span style=\"color: #000000;\">aller de Principios b\u00e1sicos y nudos de supervivencia<br \/>\n&#8211; <\/span><span style=\"color: #000000;\">Taller de Identificaci\u00f3n de flora y fauna local<br \/>\n&#8211; <\/span><span style=\"color: #000000;\">Taller de Cuidado ambiental<br \/>\n&#8211; <\/span><span style=\"color: #000000;\"><span style=\"color: #000000;\">Taller de Adaptaci\u00f3n al buceo con animaci\u00f3n de realidad virtual<\/span><\/span><\/p>\n<p>&nbsp;<\/p>\n<p><span style=\"color: #000000;\"><strong>FORMAS DE PAGO:<\/strong><\/span><br \/>\n<span style=\"color: #000000;\">Aceptamos todo medio de pago: tarjetas de d\u00e9bito, cr\u00e9dito y WebPay. Emitimos boletas y facturas. Las cotizaciones tienen una validez de 7 d\u00edas desde su emisi\u00f3n; pasado este plazo, los valores podr\u00e1n variar.<\/span><\/p>\n","protected":false},"excerpt":{"rendered":"<p data-start=\"351\" data-end=\"571\"><span style=\"color: #000000;\">\u00a0 Nuestro Taller Educativo es una experiencia transformadora que conecta a los estudiantes con la vida real, la cultura y el medio ambiente.<\/span><\/p>\n<p data-start=\"351\" data-end=\"571\"><span style=\"color: #000000;\">A trav\u00e9s de 4 experiencias pr\u00e1cticas como el taller de Nudos b\u00e1sicos, identificaci\u00f3n de flora y fauna, cuidado ambiental y buceo en realidad virtual , los participantes desarrollaran habilidades para la vida, ademas de aprender a enfrentar riesgos y descubrir el valor de la colaboraci\u00f3n con el medio ambiente.<\/span><\/p>\n<p><span style=\"color: #000000;\">Porque ense\u00f1ar no es solo entregar contenidos, es formar personas capaces, conscientes y seguras.<\/span><\/p>\n","protected":false},"featured_media":6011,"comment_status":"open","ping_status":"closed","template":"","meta":[],"product_brand":[],"product_cat":[15],"product_tag":[],"class_list":{"0":"post-6009","1":"product","2":"type-product","3":"status-publish","4":"has-post-thumbnail","6":"product_cat-productos","8":"first","9":"instock","10":"virtual","11":"product-type-simple"},"_links":{"self":[{"href":"https:\/\/outdoortour.cl\/index.php\/wp-json\/wp\/v2\/product\/6009","targetHints":{"allow":["GET"]}}],"collection":[{"href":"https:\/\/outdoortour.cl\/index.php\/wp-json\/wp\/v2\/product"}],"about":[{"href":"https:\/\/outdoortour.cl\/index.php\/wp-json\/wp\/v2\/types\/product"}],"replies":[{"embeddable":true,"href":"https:\/\/outdoortour.cl\/index.php\/wp-json\/wp\/v2\/comments?post=6009"}],"wp:featuredmedia":[{"embeddable":true,"href":"https:\/\/outdoortour.cl\/index.php\/wp-json\/wp\/v2\/media\/6011"}],"wp:attachment":[{"href":"https:\/\/outdoortour.cl\/index.php\/wp-json\/wp\/v2\/media?parent=6009"}],"wp:term":[{"taxonomy":"product_brand","embeddable":true,"href":"https:\/\/outdoortour.cl\/index.php\/wp-json\/wp\/v2\/product_brand?post=6009"},{"taxonomy":"product_cat","embeddable":true,"href":"https:\/\/outdoortour.cl\/index.php\/wp-json\/wp\/v2\/product_cat?post=6009"},{"taxonomy":"product_tag","embeddable":true,"href":"https:\/\/outdoortour.cl\/index.php\/wp-json\/wp\/v2\/product_tag?post=6009"}],"curies":[{"name":"wp","href":"https:\/\/api.w.org\/{rel}","templated":true}]}}